is the units digit of (-345)/(-10)*o/(-3)?
6
What is the hundreds digit of (-44 + 83)*(-494)/(-6)?
2
Let s = 36 + -27. Let y(t) = s - 16*t - 4 - 19. What is the units digit of y(-4)?
0
Suppose 4*d - u + 3*u = 5188, 4*u = -d + 1290. What is the hundreds digit of d?
2
Let y = -26 + 34. Let z be 218/(-9) - y/(-36). Let x = 50 + z. What is the units digit of x?
6
Let h(j) = 10*j - 8. Let n be h(6). Let r be n/(-4) + 1 - -3. Let d = r + 45. What is the units digit of d?
6
Suppose -3*x - 2*x - 15 = 0. Let p(j) = 24*j**2 - 2*j + 1. Let f be p(x). Suppose 3*w - f = 4*g, 5*w + 5*g - 214 = 2*w. What is the tens digit of w?
7
Let i = 17 + -9. Suppose -4*h + i = -2*h. Suppose 5*p - 3*v + 2*v - 117 = 0, -5*p = -h*v - 123. What is the tens digit of p?
2
Let x(v) = v**3 + 3*v**2 - 4*v - 4. Let r be x(-4). Let z = -3 - r. What is the tens digit of (4/8)/(z/28)?
1
Suppose 0 = -2*o - 3*o + 15. Suppose -30 = -o*w + 36. What is the units digit of w?
2
Let o = -71 - -76. Suppose 0*y + 2*y - 776 = -3*m, 2*y = -o*m + 1300. What is the tens digit of m?
6
Let s be ((-1)/3)/(1/(-15)). Suppose 2*a - s*b = 5, 4*b = a + b - 1. Suppose k - a - 1 = 0. What is the units digit of k?
1
Suppose 2*r - 118 - 14 = 0. Suppose 2*a + 4*l - 112 = 0, -3*l = -2*a + 11 + r. What is the units digit of a?
6
Let s be 24*(2/(-4) + 2) - 0. What is the units digit of (-3 - 0)*3*(-8)/s?
2
Suppose x - 72 - 1893 = 0. What is the tens digit of x?
6
Suppose 3*j - 90 = -5*g, 6*j - j = -3*g + 54. Let s = g + -15. Suppose s = -y, 192 = 4*c - y - 3*y. What is the units digit of c?
5
Let y = -55 + 57. Suppose f + 441 = 4*l, y*l + 0*l - 237 = -5*f. What is the hundreds digit of l?
1
Let z = 12 - 12. Let f be (2 + -3)/(1 - z). What is the units digit of (-2 + 1/f)*-8?
4
Let u = -210 + 923. What is the hundreds digit of u?
7
Suppose -2*p - 2084 = -2*s, 117*s = 121*s + 3*p - 4154. What is the units digit of s?
0
Let n(b) = b - 2. Let u be n(9). Let k(t) = t**3 - 8*t**2 + 13*t + 10. What is the units digit of k(u)?
2
Suppose 1 = z - 1. Suppose 0 = -j + z*j - 31. What is the tens digit of j?
3
Suppose 1475 = -3*k + 5867. What is the units digit of k?
4
Let u(b) = b**2 + 4*b - 3. Let l be u(-5). Suppose 5*z - 3 - 7 = 0, -312 = -l*x - 2*z. What is the hundreds digit of x?
1
Let v(u) = -27*u**2 - 12 + 0*u**3 + 36*u**2 + u**3 - 3*u. What is the units digit of v(-8)?
6
Let u(g) be the first derivative of -g**6/360 - g**5/120 + 13*g**4/8 + 2*g**3 - 6. Let h(b) be the third derivative of u(b). What is the tens digit of h(0)?
3
Suppose 0 = -11*n + 7*n - 4*j + 1520, 0 = -5*j + 15. What is the tens digit of n?
7
Suppose -b + 31 = 3*l, 4*b + 0*l - 89 = -5*l. Let t = b + -18. What is the tens digit of 28 - t*(-4)/(-8)?
2
Let f be (-1 - -16)*(-12 - -9). Let v = f - -106. What is the tens digit of v?
6
What is the tens digit of 2418/(-21)*(9 - 16)?
0
Suppose -276 = -3*q + 2*f, 135 = 3*q - 4*f - 147. What is the units digit of 14/(-3)*q/(-4)?
5
Let a(c) = 2*c**2 - 5*c - 2. Let k be a(6). Suppose o - 4*r - 3 + 25 = 0, 4*o + 2*r + 34 = 0. What is the units digit of (k/6)/(o/(-45))?
0
Suppose -5*m + 22 = -83. Suppose 0 = 4*u - 1 + m. Let c = u + 47. What is the tens digit of c?
4
Suppose -2*z - 2*z = -16. Suppose 0 = n - 0*n + 2, n = -z*l + 18. Suppose -6 = -l*u - 4*d + 3, -4*u - 5*d = 0. What is the units digit of u?
5
Let i(g) = g**3 - 7*g**2 - 7*g - 6. Let c be i(8). Suppose 196 = -0*n + c*n. What is the units digit of n?
8
Let t be -3*(-1)/(3/(-2)). Let o = t + 6. Suppose o*r - 155 = -r. What is the tens digit of r?
3
Suppose 0 = 5*y - 4*s - 28134, -2*s - 1289 = y - 6913. What is the thousands digit of y?
5
Let u be 1/(2/12) - -1. Suppose u*i = 3*i + 12. Suppose 2*p = -i*v + 21, 5*v - 3*v = 4*p + 14. What is the units digit of v?
7
Let s = 17 - 11. Let z be (s + -10)*(-1)/(-2). What is the units digit of -3 - (4 - (-86)/z)?
6
Suppose -13*w + 11*w + 2871 = -5*o, 2*w + 4*o = 2826. What is the hundreds digit of w?
4
Suppose 0 = 2*o - o - 3. Suppose w - 2*w = -o. Suppose 120 = w*f - 0*f. What is the tens digit of f?
4
Suppose -2*y + 96 = -4*h, 0 = -2*y - 2*y + h + 178. Suppose y - 6 = -z. Let d = z - -64. What is the tens digit of d?
2
Suppose -u - 4*l = -2799, -7*u = -4*u + 2*l - 8347. What is the hundreds digit of u?
7
Let u(p) = 6*p - 1. Let j be (4 - 9)/((-1)/2). What is the tens digit of u(j)?
5
Let r(k) = 61*k**2 + 27*k - 126. What is the thousands digit of r(6)?
2
Suppose -14*y = 3*y - 2227. What is the hundreds digit of y?
1
Let w(o) = o**3 - 17*o**2 - 14*o + 8. Let n(m) = 9*m - 63. Let f be n(9). What is the tens digit of w(f)?
8
Suppose -7*o = -352 - 54. Suppose -4*b = -2*b - o. What is the tens digit of b?
2
Let s be 2*(45/10 - 3). Let v = 1 + -1. Suppose 4*b = -v*h - s*h + 115, -b = -5*h. What is the units digit of b?
5
Suppose -17 = -5*b - 2*m, -5*b + 5 = 2*m + 3*m. Let d be (-2)/(-5)*b/2. Let g(p) = 5*p**2 + p - 2. What is the units digit of g(d)?
4
Suppose -2*y = -12*y + 100. Suppose -3*k = -y*k + 602. What is the tens digit of k?
8
Let l(d) be the first derivative of 9*d**2 - 16*d - 18. What is the units digit of l(6)?
2
Let d(g) = g**3 - g**2 + 128. Let o(a) = -a - 2. Let h be o(-2). What is the tens digit of d(h)?
2
Let q(l) be the third derivative of l**4/8 - l**3/6 - l**2. Let n(k) = k**3 - 3*k**2 - 2*k. Let w be n(4). What is the tens digit of q(w)?
2
Suppose -2*a - 27 = 27. Let h be (a/18)/((-6)/8). Suppose -3*l + h = -l. What is the units digit of l?
1
Let w(k) = 58*k**2 + 57*k + 292. What is the units digit of w(-6)?
8
Suppose -7*r = -2025 - 3036. What is the tens digit of r?
2
Let c = -19 + 21. Suppose 5*j = -c*f - 1, 4*f + 2*j - 4 = -2*j. Suppose f*i = 6*i - 112. What is the tens digit of i?
2
What is the units digit of (52/12 - 0)*18/2?
9
Let s be (88/24)/((-1)/(-21)). Suppose i - 3*y = 78, -3*i + 5*y + 299 - s = 0. What is the tens digit of i?
6
Let g(b) = b**3 + 11*b**2 + 10*b. Let m be g(-10). Suppose m = 11*a - 12*a + 3. Suppose 4*v + 3*j + 44 - 214 = 0, a*v - 125 = -j. What is the tens digit of v?
4
Suppose 50*x + 54324 = 86*x. What is the hundreds digit of x?
5
Let r(u) = 5*u**3 - 2*u**2 + 4*u + 7. What is the tens digit of r(5)?
0
Let b = 10631 + -7022. What is the hundreds digit of b?
6
Suppose -5*y = 2*f + 39, -2*f + 2*y = -3*y + 9. What is the units digit of -429*(f/(-12) + (-4)/3)?
3
Suppose -4*y + 53 = 5. Suppose 0 = 2*a + 2*a - y. Suppose -62 = -3*w + v, -2*w + 3*v - a = -42. What is the units digit of w?
1
Suppose -2*m = m. Let f be 62/((4 - m)/(-4)). Let b = -43 - f. What is the tens digit of b?
1
Let b(f) = f**2 + f + 29. Let g be b(0). Suppose s - 5*a + 24 = 0, 3*a = -0*s + 2*s + 41. Let y = g + s. What is the units digit of y?
0
Let q be (-1)/((-1)/6) - 0. Let y(x) = x**2 - 10*x + 4. Let g be y(10). What is the units digit of g/(-6) - (-160)/q?
6
Let o(i) = 223*i + 24. What is the units digit of o(4)?
6
Let u be 3/(-1) + (-63)/(-1). Suppose g = 4*g - u. Suppose -2*o = t + 14 - 44, t - 3*o - g = 0. What is the units digit of t?
6
Suppose 29*j = 27*j - 8, 3*w - 5*j - 10928 = 0. What is the hundreds digit of w?
6
Suppose 42 = 9*a - 6*a. What is the units digit of (-2304)/(-28) + (-4)/a + 0?
2
Let t(x) = x**3 - 7*x**2 - 2*x + 28. Let o be t(6). What is the units digit of (-1)/(-1 - o/24)*1?
6
Suppose 5*t = l - 32 - 388, -5*t = -4*l + 1650. What is the units digit of l?
0
Let l be (-572)/(-16) + (-2)/(-8). Let c = 15 - 36. Let h = l + c. What is the units digit of h?
5
Let j = -5 - 1. Let b be (7 + -25)*2/j. Suppose -3*l + 15 = -b. What is the units digit of l?
7
Suppose 0 = h - 4*w - 394, 753 + 514 = 3*h + 5*w. What is the tens digit of h?
1
Suppose 0 = 4*l - 3*l - 320. Suppose 3*n = -n + 5*q + l, 2*n - 162 = 3*q. What is the tens digit of n?
7
Let g(p) = p**3 - p**2 + 55. Let s = 38 - 38. What is the units digit of g(s)?
5
Let m be (-3)/(-2 + (-19)/(-8)). Let h(u) = -4 + 4 - 3 + 2 - 12*u - u**2. What is the tens digit of h(m)?
3
Suppose 0 = f + 3, -h - 2*h = 2*f - 3. Suppose 8 = -6*s + 10*s. Suppose -12 - 2 = -s*v + 3*b, -14 = -h*v + b. What is the units digit of v?
4
Suppose 5*s - 18 - 22 = -4*x, 3*x - 3*s - 3 = 0. Suppose 2*v + 2*n = -3*v + 719, -4*v + 562 = -x*n. What is the hundreds digit of v?
1
What is the tens digit of (2 - -22)/4 - -382?
8
Let a(h) = 3*h**2 - 15*h - 19. Le